 Suppose 0 = 2*a + a - o. Is a composite?
True
Suppose -5*j + 1 = 11. Let c be 3/(j/((-2)/1)). Is (1 - 0)/(c/147) a prime number?
False
Is (-132)/(-30)*(-5)/(-1) a prime number?
False
Suppose -3*j - 65 = -4*j. Suppose -h + j = -120. Is h a prime number?
False
Suppose 0 = -3*b - 4*k + 4, b + b + 4*k = -4. Let r = b - 6. Is r a composite number?
False
Suppose 7 = 2*l + 1. Let w = -1 + l. Suppose -w*f = 5*d - 70, -5*d + 2*d = 2*f - 42. Is d prime?
False
Let t = 252 - 74. Is t prime?
False
Suppose 0*i - 2*i = 0, -w = 4*i - 42. Let l = w - 27. Is l a prime number?
False
Let l(f) = -8*f - 8. Let m be l(-15). Let d = 307 + m. Is d composite?
False
Suppose -j = 5*h - 2*h - 374, h + 1950 = 5*j. Is j a composite number?
False
Let b be 228/6*2/4. Let d = 196 - b. Let t = 254 - d. Is t composite?
True
Let c(n) = 8*n**2 - n - 1. Let t(w) = w**3 + 5*w**2 - 3. Let j be t(-5). Let k be c(j). Is 5/10*(k - 0) prime?
True
Let h(d) = 4*d**3 - 3*d**2 - 1. Let n be h(4). Suppose 0 = -5*g - 20, -n - 116 = -5*a - 3*g. Is a composite?
False
Suppose 0 = -g + 4*w + 13, -g = 3*g - 3*w - 13. Let b be (10/3)/(g/(-18)). Let x = b + 111. Is x a composite number?
True
Suppose x = -x - 8, 0 = 5*y + 4*x - 124. Suppose 5*a + u = -48, 4*a - a + u = -y. Is (-8)/a*(-325)/(-10) a composite number?
True
Suppose 3*y - 8*y = -15. Suppose -1030 + 253 = -y*m. Is m composite?
True
Let c(j) be the third derivative of j**5/20 - 13*j**4/24 + j**3/2 + j**2. Is c(11) a composite number?
False
Suppose 34 + 2286 = 16*m. Is m a prime number?
False
Suppose 5*s - 1176 - 359 = 0. Is s a prime number?
True
Suppose -4*l + 4*d = -20, -2 = -l - 4*d + 3. Let n(h) = 2*h**2 - 3*h**2 + 1 + 5*h**2 + h**3 - 7*h. Is n(l) composite?
False
Let h be 1/5 - 38/(-10). Let i be h/(-14) - (-237)/21. Is 0*1/3 + i a composite number?
False
Suppose -142 = -4*x + 2. Let d = 119 + x. Is d a prime number?
False
Suppose -4754 = -4*o - 2*q, -4*q - q = 4*o - 4769. Is o prime?
False
Let s = -9 - -11. Suppose 3*n + 2*d = -s*d + 32, -n - 4*d + 24 = 0. Suppose n*o - 74 = 158. Is o composite?
True
Suppose -4*d + 4 + 8 = 0. Let o = d + 2. Suppose 0 = -4*c - g + 34 + 10, o*g = 20. Is c a prime number?
False
Suppose 2339 = 4*g - 3*k, 2*k = -3*g + 7*k + 1746. Is g composite?
False
Suppose -2*a + 6 = a. Suppose a*v - 18 = p - 209, 4*v = -p + 191. Is p a prime number?
True
Is 129 + 0 + (1 - 3) a composite number?
False
Suppose 5*z + 17 + 33 = 0. Let c be 0/(5/(z/4)). Suppose 0 = -5*w + 4*n - c*n + 285, 5*w - 240 = -5*n. Is w composite?
False
Suppose 2*g + 103 = 401. Is g a prime number?
True
Suppose -2*y = y - 15. Suppose 264 + 72 = 4*i + 4*q, 2*q = -y*i + 429. Is i a composite number?
True
Let w(h) = -h**2 - 6*h - 1. Let m be w(-5). Suppose 0 = -m*x + l + 92, 60 + 55 = 5*x + l. Suppose 46 + x = b. Is b a composite number?
True
Is 88/(-48) + 2 + 29453/6 a prime number?
True
Let s(c) = c**2 + 3*c - 7. Is s(-8) prime?
False
Let z be (1 - 2)/(3/(-9)). Suppose w + m = -0*w + 54, -z*w - 4*m + 163 = 0. Is w composite?
False
Let b(w) = 8*w**2 - 2*w + 1. Suppose 0 = -3*j + 6*j + 30. Let p = j + 13. Is b(p) a prime number?
True
Let w be 1*10*(-16)/20. Is w/3*(-861)/28 a composite number?
True
Let n = 1 + -18. Let g = -2 - n. Is g a composite number?
True
Suppose -2*t - 5*d + 89 = 0, 3*t + 5*d + 0*d - 141 = 0. Let n = t + -33. Is n a prime number?
True
Suppose 0 = -2*p - 3*p + 35. Let d = 4 - p. Is 3*(d - -2) + 290 a composite number?
True
Let u(w) = 6*w**3 + 3*w**2 - 5*w - 3. Is u(4) a composite number?
False
Let a be 12 + 0 + 0/3. Suppose -4*l + 0 = -a. Is l prime?
True
Let c(h) = -2*h**3 - 2*h**2 + 5*h + 1. Let y be c(-5). Suppose -26 = m - y. Suppose n = m - 19. Is n a prime number?
True
Suppose 16*f + 4011 = 19*f. Is f composite?
True
Let r be (-9)/(2 + 1)*-235. Suppose 5*s - r - 250 = 0. Suppose i = -0*i + s. Is i a prime number?
True
Let z = -14 + 16. Suppose 0*q - 6 = -q. Is z*(1 + 429/q) prime?
False
Let b(o) = o - 10. Let l be b(10). Suppose -r = -k + 17, l*k + 4*r = -4*k + 76. Is (-9)/k - 438/(-4) composite?
False
Let p = 39 - -14. Is p a prime number?
True
Let n(a) = 59*a**2 - 6*a + 12. Is n(-5) composite?
True
Let r(h) = 170*h - 11. Is r(6) a composite number?
False
Let g be (-11)/(-11)*(4 - -1). Suppose 0*c - 5*c - 2*p + 347 = 0, -g*p = -3*c + 233. Is c prime?
True
Suppose -408 = -4*o - 5*w, -5 = 4*w + 11. Let g = o - -367. Suppose -b + g = 5*y, -3*b + 8*b - 2340 = 5*y. Is b a prime number?
False
Let g = -39 + 76. Is g composite?
False
Let z(t) = -15*t**3 + t + 1. Let y be ((-1)/(-2))/((-3)/48). Let f = y + 7. Is z(f) a prime number?
False
Let g(z) be the first derivative of -5*z**2/2 - 3*z + 1. Let a(u) = u. Let x be a(-2). Is g(x) prime?
True
Is (-6)/(-2) + 20*169/2 a prime number?
True
Let g(v) = 7*v**2 - 5*v - 1. Let h be g(5). Suppose q = -q - c + h, 0 = 4*q + c - 303. Is q a prime number?
False
Suppose 9*q - 917 = 1090. Is q prime?
True
Let k = 5 - 5. Suppose k = -3*y + 4*z + 43 + 64, -3*z = -4*y + 145. Suppose 2*b = b + y. Is b prime?
True
Suppose -5*z + 2*x + 2558 - 101 = 0, -5*z = 5*x - 2450. Is z composite?
False
Let n be 2/(-12) - (-93)/18. Suppose -n*i + 77 = -53. Is i prime?
False
Let k(w) be the first derivative of -1 + 67*w - 1/2*w**2. Is k(0) composite?
False
Let q(w) = 2*w + 1. Let o be q(1). Let x(y) = -3*y - 3. Let m be x(o). Is (-2)/m + (-4258)/(-12) prime?
False
Let y = -12 - -12. Suppose y = 4*a - 0*a + 5*m - 489, -481 = -4*a + 3*m. Is a a prime number?
False
Suppose -3*v - 3*x = -57, -3*x - 95 = -5*v - 5*x. Is v prime?
True
Let o(t) = 15*t**2 + 7*t - 1 - 2*t**3 - 2*t + 3*t**3. Is o(-6) prime?
True
Let y(i) = i**3 + 10*i**2 + 9*i + 7. Let m be y(-7). Let u = -24 + m. Is u prime?
True
Let n(a) = a**2 + 5*a + 3. Let q be n(-5). Let m(c) = c**3 - 5*c**2 + 4*c + 4. Let g(h) = 2*h**3 - 9*h**2 + 7*h + 7. Let t(j) = q*g(j) - 5*m(j). Is t(4) prime?
True
Suppose m = -m + 4*n + 226, 0 = -3*m + 2*n + 343. Is m a prime number?
False
Let c = -3 + 2. Let q(z) = z**3 - z**2 - 1. Let r(y) = -13*y**3 + 5*y**2 - 2*y + 5. Let x(b) = 6*q(b) + r(b). Is x(c) a composite number?
False
Let s be -4*(-1 + 2)/(-2). Suppose 4*v = s*v. Suppose v = -4*r + r + 279. Is r a prime number?
False
Let j(q) = q + 11. Let i be j(-9). Suppose x = i*x. Suppose -3*w - 3*a + 267 = x, -3*a + 24 - 469 = -5*w. Is w composite?
False
Let r be ((-6)/9)/((-4)/1914). Suppose 0*n + r = w - 2*n, 3*w - 977 = 2*n. Is w a composite number?
True
Let x(u) = u**2 - 7*u + 7. Let d be x(8). Suppose 131 = -d*f + 16*f. Is f prime?
True
Let u be (-39)/(-2)*16/6. Suppose -4*l + 7*l = -87. Let o = l + u. Is o a composite number?
False
Let h(z) be the first derivative of -195*z**4/2 - z**2/2 - 10. Is h(-1) a prime number?
False
Suppose -4*n + 135 - 15 = -4*r, r - 74 = -3*n. Suppose -n = -v - 2*a - 3*a, 0 = -2*v + 2*a + 40. Is v composite?
True
Suppose 5*c - 38 = -8. Let a(l) = -l**2 + 14*l + 1. Is a(c) prime?
False
Suppose 5*o = 2*o + 9. Suppose -5*z + o*p + 19 + 5 = 0, -4*z + 2*p + 18 = 0. Let n(s) = 2*s**3 + 2*s**2 - 2*s + 1. Is n(z) a prime number?
True
Let u(y) = y**2 - 14*y + 6. Let h be u(8). Let w = h - -133. Is w a prime number?
False
Let f(b) = 2*b**2 + 6 + 2 - 4*b - 1 - 2. Let g be (3 - (-2 - -1)) + 2. Is f(g) a composite number?
False
Suppose 2*c - 2*h = -328, 2*c + 3*h + 340 = h. Let n = -88 - c. Is n a prime number?
True
Let k(u) be the third derivative of 7*u**5/60 - 7*u**4/24 - 7*u**3/6 + 22*u**2. Let s = 12 + -6. Is k(s) prime?
False
Let l(p) = p**3 - 7*p**2 - 9*p + 11. Let g be l(8). Let w be g/6 + (-75)/(-2). Let n = -15 + w. Is n a composite number?
False
Suppose 2*n = 240 + 130. Is n prime?
False
Let p = 149 + 104. Is p a prime number?
False
Is 5679/15 - (-4)/10 a composite number?
False
Let c be 9973/5 - 4/(-10). Let k be 3*(-3 - c/9). Is (-2)/(-3) + k/(-6) a prime number?
True
Let j be (3 + -2 + -6)/(-1). Suppose -l + j*l - 2564 = 0. Is l a composite number?
False
Suppose 3*a + 475 = -2*a. Let x = 222 + a. Is x composite?
False
Let q(z) = z**3 + 10*z**2 - 11*z - 13. Is q(-10) a composite number?
False
Let n = 4 - -1. Suppose -3*m + 9 = 0, 2*m - 23 = -n*t - 2. Suppose d + 106 = t*d. Is d a prime number?
True
Let o be 18/(-24) + (-70)/(-8). Let i(a) = -a**2 + 8*a - 2. Let k be i(o). Is 3/k*(-88)/12 a composite number?
False
Let x(d) = d**3 + 4*d**2 + 7*